15. Calculate the greatest common divisor of o and t.
9
Let q(g) = -g + 11. Let i be q(9). Suppose 0*d = -3*d + 3. Calculate the highest common divisor of i and d.
1
Let k = -16 - -32. Suppose 0 = -3*o - 5*j + 20, -3*o + 0*j + 4*j = 16. Suppose o*a = a - 24. What is the greatest common factor of a and k?
8
Let q be 0 - 0 - (-4)/4. Let i be q*2/2 - -24. Let w be -1 + 2 + 1*9. Calculate the greatest common factor of i and w.
5
Let l be (77/(-21))/11 + (-10)/(-3). Calculate the greatest common factor of 27 and l.
3
Let m(q) = 2*q**2 - 20*q - 10. Let d be m(11). Let p = 24 + -16. What is the greatest common factor of d and p?
4
Suppose -6*s = -7*s + 56. What is the highest common divisor of s and 8?
8
Let d = -10 - -50. What is the greatest common factor of d and 60?
20
Let a(y) = 8*y**2 + y - 3. Let k be a(4). Let s be 0 + (k - -3 - 2). Let h be (2/(-4))/((-2)/52). What is the greatest common divisor of s and h?
13
Let h be 3 + ((-4)/(-2) - -29). What is the highest common factor of h and 85?
17
Let r(p) be the first derivative of p**3/3 - 2*p**2 + 7*p - 3. Let x be r(5). Calculate the greatest common divisor of 3 and x.
3
Let m(r) = 2*r + 5*r - 5*r + r**2 + 3. Let b be m(-9). What is the highest common factor of b and 6?
6
Let w = -4 - -2. Let r be -1 - (w - 0) - -1. Suppose 108 = x + r*x. What is the greatest common divisor of 12 and x?
12
Suppose 3*p - 241 - 14 = 0. What is the highest common divisor of p and 17?
17
Suppose -s = -3*s. Suppose -2*v - 40 + 128 = s. Let i = -7 - -11. Calculate the greatest common divisor of i and v.
4
Suppose -2*i - 21 = -3*q, q + i - 5 + 3 = 0. What is the highest common divisor of 25 and q?
5
Suppose 2*n = -3*n + 100. Let r be (165/44)/((-2)/(-16)). Calculate the greatest common factor of n and r.
10
Let u(m) = m + 4. Let r be u(0). Suppose 3*g - 5*i - 135 = -2*i, g + 5*i = 39. Calculate the highest common divisor of r and g.
4
Suppose 2*w - 268 = 2*s, -3*w - w - 2*s + 524 = 0. Let g be (4/10)/((-1)/(-30)). Calculate the highest common divisor of g and w.
12
Let n(k) = -k**3 + 2*k**2 + 4*k - 3. Let p be n(2). Let f be 5/(1 - (-28)/(-32)). What is the highest common divisor of f and p?
5
Suppose 0 = -s + 4*s. Suppose s = -w - 4 + 1. Let z be (-3)/(1*w)*14. Calculate the highest common factor of z and 2.
2
Let p be (-4)/(-2)*(3 - 1). Let m(k) = 5 + k + 4*k**3 - 2*k - 3*k**2 - 3*k**3 - k**2. Let g be m(4). Calculate the highest common divisor of g and p.
1
Suppose -5*s + 47 = 7. What is the highest common divisor of 1 and s?
1
Let w(u) = -u - 15 - u - u + 0*u. Let t be w(-7). Calculate the highest common divisor of 18 and t.
6
Suppose 8*b = 6*b + 30. Calculate the highest common factor of b and 5.
5
Let m be (78/(-5))/((-6)/20). Calculate the greatest common factor of m and 13.
13
Let u = 47 - 17. What is the greatest common factor of u and 10?
10
Suppose -2*g + 3*g - 2*i - 20 = 0, 0 = 4*g + 4*i - 32. Suppose 3*y - 291 = -3*p, -2*p - 2*y = p - 290. Calculate the greatest common factor of g and p.
12
Let b(h) = h**2 - h + 2. Let m be b(0). Let o be (m*5)/(1 + 0). Suppose -9 = 2*t + 5*q - 3, 4*t + 2 = -5*q. Calculate the highest common divisor of t and o.
2
Let o = 325 + -193. Calculate the greatest common factor of o and 12.
12
Suppose n - 277 = -3*c - n, -3*c = 4*n - 269. What is the greatest common factor of c and 19?
19
Let t(l) = -5*l - 7. Let m be t(-5). Let r(v) = v**3 + v**2 - v + 2. Let w be r(2). What is the greatest common factor of m and w?
6
Let n be (-6)/27 + (-1982)/(-9). Let f be 54/4*n/15. Calculate the highest common divisor of f and 18.
18
Let a be (4 + (-2 - -2) - 2)*11. What is the greatest common divisor of 2 and a?
2
Let j be (-1)/4 - (-4755)/12. Suppose -m + j = 3*m. Calculate the greatest common factor of m and 9.
9
Suppose 0 = 3*b, -4*u + 3*b = -9 + 1. Suppose -3*c + 42 = -5*a, 3 = a - u*a. Calculate the greatest common factor of 27 and c.
9
Let h(y) = 18*y**2 + y - 1. Let m be h(1). Suppose 2*q + m = 3*q. Calculate the highest common factor of 45 and q.
9
Let w be (-24)/18*(-126)/4. Let h be 1/2 - w/(-12). Calculate the greatest common factor of h and 44.
4
Let r be 3*(-26)/(-3) - -1. Let a(l) = -l**3 - 6*l**2 - 7*l - 6. Let z be a(-5). Let k be 73/z + 2/(-8). Calculate the greatest common divisor of r and k.
9
Suppose -5*u - 25 = 0, -u = 2*h + 8 - 3. Suppose -2*q + 0*q + 132 = h. What is the highest common divisor of q and 11?
11
Suppose -5*b = -k + 1, -k - 3*b = -4*b - 1. What is the greatest common factor of k and 8?
1
Let v be 1 + 2/(-2) - -11. Suppose -g - 3*r + v = 0, 9*g + r = 4*g + 13. What is the highest common factor of 18 and g?
2
Let g(x) = -x + 3*x - 3*x. Let f be g(0). Suppose 5*z - 3*l - 216 = f, 2*l + 109 = 2*z + 21. Calculate the greatest common factor of 6 and z.
6
Let p = -1 + 4. Let v be p/(-6) - 2/4. Let w = 17 - v. What is the greatest common factor of w and 12?
6
Suppose -2 = -3*m + 37. Calculate the greatest common factor of 52 and m.
13
Suppose p = 3*p - 18. Calculate the greatest common divisor of p and 27.
9
Let v(b) be the second derivative of -39*b**5/10 - b**4/6 + b**2/2 + 9*b. Let f be v(-1). Calculate the greatest common divisor of 11 and f.
11
Let m(n) = -13*n**3 - n**2. Let p be m(-1). Let z be 1/(-1)*-1 - -107. What is the highest common divisor of p and z?
12
Let j = 100 - 95. Suppose 0 = 2*v - 23 + 291. Let b = -79 - v. What is the greatest common factor of b and j?
5
Let u = -31 - -47. What is the greatest common factor of 144 and u?
16
Let k be (-12)/(-1) + 0 - 0. Let g = 43 - 35. Calculate the highest common factor of k and g.
4
Let u = 263 + -176. Suppose -5*x + u = -73. What is the greatest common factor of x and 8?
8
Let d(b) = -b**2 - 4*b + 2. Let x be d(-4). Calculate the greatest common factor of 4 and x.
2
Suppose -3*x + 121 = 31. Suppose -16 + 4 = -p. Calculate the greatest common factor of x and p.
6
Let x = 685 + -295. Suppose -2*q + 18 = d - 110, 0 = -3*d - 3*q + x. What is the greatest common factor of d and 12?
12
Suppose -16 = 3*b - 52. Calculate the highest common factor of b and 96.
12
Suppose 0 = 5*n - 0*n - 15. Calculate the highest common factor of n and 2.
1
Suppose -427 = -4*r + 233. Let a = -24 + 39. Calculate the highest common divisor of a and r.
15
Suppose 2*i - 8 = 2. Calculate the highest common factor of i and 5.
5
Let p(b) = 2*b + 5. Suppose 3*i + i + 12 = 3*f, i + 20 = 5*f. Let t be p(f). Suppose 3*s + t = 418. What is the highest common factor of 15 and s?
15
Suppose 4*i + 1417 = 5*d + 149, -4*d - i = -1027. Suppose 3*x + d = 5*x. What is the highest common divisor of x and 16?
16
Suppose -12 = 4*v - 7*v. Suppose -v*f = -0*f - 396. Calculate the greatest common factor of f and 11.
11
Suppose -2*p - 5*c + 40 = -2*c, 5*p = -3*c + 118. What is the greatest common factor of p and 13?
13
Suppose -y + 4*b + 12 = 0, 0*y + 68 = 4*y + 4*b. Calculate the greatest common factor of y and 4.
4
Suppose -x = -5*x + 36. What is the greatest common divisor of 15 and x?
3
Suppose 3*f - 2*f - 20 = 0. Suppose 4*v + v = f. Suppose q = -2*x, 14 = v*x - 0*x - 5*q. What is the greatest common factor of x and 8?
1
Let n(g) = g**3 - 7*g**2 - 7*g + 6. Let y be n(8). Suppose y*p = 11*p + 54. What is the greatest common factor of 162 and p?
18
Let u(g) = g**2 + 6*g + 3. Let t be u(-6). What is the greatest common factor of t and 1?
1
Suppose -5*g = -4*m - 15, 3*m + g = -2*g - 18. Let s be m/(5/(-18)) + 2. What is the highest common divisor of 2 and s?
2
Let k be 220/15 + (-4)/6. Calculate the highest common factor of 14 and k.
14
Let l(n) = n**2 - 2*n + 4. Suppose 3*z - 3 = 6. Let d be l(z). Let m = 11 - 4. Calculate the greatest common divisor of m and d.
7
Let y be 1 + 0/1 + -28. Let i = 51 + y. What is the highest common factor of 8 and i?
8
Let c be (19/(-4))/((-2)/16). Suppose -4*r + c = -0*r - 2*v, 3*r - v - 29 = 0. What is the greatest common factor of r and 50?
10
Suppose -4*i + 132 = -2*z, 8*z - 120 = -4*i + 7*z. What is the highest common factor of i and 155?
31
Suppose -3*j + 340 = 5*o, -4*j = 4*o + j - 285. Suppose o = 5*n - 55. Let x be 4*3*(2 - 1). What is the greatest common divisor of n and x?
12
Let p(x) = 5*x**2 - 6*x + 3. Let j be p(4). Let n = 40 - j. Let l = 31 + n. Calculate the highest common factor of l and 108.
12
Supp